{"id":404,"date":"2020-01-11T18:30:35","date_gmt":"2020-01-11T18:30:35","guid":{"rendered":"https:\/\/potentiale.cvjm-sn.de\/?page_id=404"},"modified":"2020-01-13T15:44:56","modified_gmt":"2020-01-13T15:44:56","slug":"holzwerkstatt","status":"publish","type":"page","link":"https:\/\/potentiale.cvjm-sn.de\/?page_id=404","title":{"rendered":"Holzwerkstatt"},"content":{"rendered":"<p>mit <strong>Ricardo Dichte<\/strong><\/p>\n<p>Wir lernen den Werkstoff Holz kennen.<\/p>\n<p>Schwerpunkte dabei sind:<\/p>\n<ul>\n<li>den Werkstoff Holz kennenlernen<\/li>\n<li>eigene Ideen entwickeln, einbringen, konkretisieren<\/li>\n<li>selbst N\u00fctzliches und Sch\u00f6nes herstellen (z.B. Vogelh\u00e4uschen, Insektenhotel)<\/li>\n<li>qualit\u00e4tsbewusst, kosten- und umweltbewusst arbeiten<\/li>\n<li>mit wenig Mitteln viel bewirken<\/li>\n<li>motiviert und neugierig auf neue Arbeitsinhalte sein<\/li>\n<li>Erfolg haben, neue Fertigkeiten entwickeln<\/li>\n<li>Kurs soll bisherige Fertigkeiten weiter ausbauen<\/li>\n<\/ul>\n<hr \/>\n<p><strong>Anmeldungen<\/strong> k\u00f6nnen jederzeit gerne <a href=\"https:\/\/potentiale.cvjm-sn.de\/?page_id=17#anmeldung\">hier<\/a> vorgenommen werden.<\/p>\n<p>&gt;&gt; <a href=\"https:\/\/potentiale.cvjm-sn.de\/?page_id=17#kmobiltelefon\">telefonische Anmeldungen<\/a><\/p>\n<hr \/>\n<p>&gt;&gt; <a href=\"https:\/\/termine.cvjm-sn.de\/?mcs=Holzwerkstatt\" target=\"_blank\" rel=\"noopener\">Termine<\/a><\/p>\n<hr \/>\n<p><a href=\"https:\/\/potentiale.cvjm-sn.de\/?page_id=15\">&lt;&lt; zur Kurs-\u00dcbersicht<\/a><\/p>\n","protected":false},"excerpt":{"rendered":"<p>mit Ricardo Dichte Wir lernen den Werkstoff Holz kennen. Schwerpunkte dabei sind: den Werkstoff Holz kennenlernen eigene Ideen entwickeln, einbringen, konkretisieren selbst N\u00fctzliches und Sch\u00f6nes herstellen (z.B. Vogelh\u00e4uschen, Insektenhotel) qualit\u00e4tsbewusst, kosten- und umweltbewusst arbeiten mit wenig Mitteln viel bewirken motiviert und neugierig auf neue Arbeitsinhalte sein Erfolg haben, neue Fertigkeiten entwickeln Kurs soll bisherige Fertigkeiten [&hellip;]<\/p>\n","protected":false},"author":14,"featured_media":0,"parent":0,"menu_order":0,"comment_status":"closed","ping_status":"closed","template":"","meta":{"footnotes":""},"class_list":["post-404","page","type-page","status-publish","hentry","gallery-content-unit"],"_links":{"self":[{"href":"https:\/\/potentiale.cvjm-sn.de\/index.php?rest_route=\/wp\/v2\/pages\/404","targetHints":{"allow":["GET"]}}],"collection":[{"href":"https:\/\/potentiale.cvjm-sn.de\/index.php?rest_route=\/wp\/v2\/pages"}],"about":[{"href":"https:\/\/potentiale.cvjm-sn.de\/index.php?rest_route=\/wp\/v2\/types\/page"}],"author":[{"embeddable":true,"href":"https:\/\/potentiale.cvjm-sn.de\/index.php?rest_route=\/wp\/v2\/users\/14"}],"replies":[{"embeddable":true,"href":"https:\/\/potentiale.cvjm-sn.de\/index.php?rest_route=%2Fwp%2Fv2%2Fcomments&post=404"}],"version-history":[{"count":3,"href":"https:\/\/potentiale.cvjm-sn.de\/index.php?rest_route=\/wp\/v2\/pages\/404\/revisions"}],"predecessor-version":[{"id":450,"href":"https:\/\/potentiale.cvjm-sn.de\/index.php?rest_route=\/wp\/v2\/pages\/404\/revisions\/450"}],"wp:attachment":[{"href":"https:\/\/potentiale.cvjm-sn.de\/index.php?rest_route=%2Fwp%2Fv2%2Fmedia&parent=404"}],"curies":[{"name":"wp","href":"https:\/\/api.w.org\/{rel}","templated":true}]}}